t is the units digit of g(-1)?
1
Let z = 86 + -44. What is the units digit of z?
2
Let r = 3 - 1. What is the units digit of r/((15/6)/5)?
4
Let r be (-1)/(-3)*(4 - 4). Suppose -5*p + r = -20. Suppose -2*l = 3*t + 9, 5*t - t + 8 = -p*l. What is the units digit of l?
3
Suppose 3*d = 4*v - 115, -2*d - 2*d = -2*v + 70. What is the tens digit of v?
2
Let y be 2*(-27)/(-24)*4. Suppose -y + 29 = 5*z. Suppose 3*l = 3*j + 12, -3*j - l + 28 = z*l. What is the units digit of j?
1
Suppose -12*s + 11*s = -65. What is the tens digit of s?
6
Let s(u) = -u**2 + 7*u - 5. Let v be s(5). Suppose -v*m + m = -44. What is the units digit of m?
1
Let w be (-2)/3 - 768/(-18). Suppose 2 = 4*i - w. What is the tens digit of i?
1
Let z be (-62)/(-8) - (-1)/4. Suppose z*v - 180 = 3*v. Suppose 5*a + 0*a = 2*w - 26, 0 = 4*w - 2*a - v. What is the units digit of w?
8
Let c(g) = g + 15. Let z be c(-10). Let n(s) = -s**3 - s**2 + 1. Let x be n(-2). Suppose z*u + 20 = 3*l, 0*u - 24 = -x*l - u. What is the units digit of l?
5
Let j be (18/8)/(1/44). Let r = j + -66. What is the tens digit of r?
3
Let x be 1/3 + (-18)/(-27). What is the tens digit of (x - 4)/((-9)/93)?
3
Let p(a) = 2*a + 42. What is the tens digit of p(0)?
4
What is the units digit of (3 + (-18)/8)*44?
3
Suppose -11*c + 1057 = -1286. What is the tens digit of c?
1
Let g = -45 - -84. Let t = -14 + g. What is the tens digit of t?
2
Let t(n) = 8 + 2*n**2 + 0*n**3 - 7*n + 7*n**2 - n**3. What is the units digit of t(7)?
7
Let a(l) = 3*l**3 - 6*l**2 + 9*l - 20. What is the units digit of a(4)?
2
Let o(k) = -k**2 - 19*k - 13. What is the units digit of o(-11)?
5
Let n be 320/55 + (-2)/(-11). Suppose f + 210 = n*f. What is the units digit of f?
2
Let a = 220 - 86. What is the hundreds digit of a?
1
Suppose p - 3 = -0. Let l = p - 1. What is the units digit of l?
2
Let l(m) = -6*m + 8. What is the tens digit of l(-5)?
3
Suppose i = -3*i. Let q = i + 22. What is the tens digit of q?
2
Suppose 3*n + 2*g - 50 = 0, n + 0 = 5*g - 6. Let s = -7 + n. What is the units digit of s?
7
Suppose -1 = -5*z + 14. Let n = -4 + 11. Let l = z + n. What is the units digit of l?
0
Suppose n - 1 = 4. Let b(g) = g**2 - 5*g + 5. What is the units digit of b(n)?
5
Suppose 5*g - 14 = -2*p + 2, 0 = -3*p + 9. What is the units digit of (-6)/(g + -2 + -1)?
6
Suppose -16 = -2*y + 8. Suppose 2*a - 5*a + y = 0. What is the units digit of a?
4
Let k = -296 + 481. What is the hundreds digit of k?
1
Suppose -2*g + 7*g = 5*m + 395, -5*g + 388 = 2*m. What is the units digit of g?
8
Let v be -1 - 0 - (-108 + -4). Let f = v - 73. What is the tens digit of f?
3
Let a be 3/(-6*2/(-8)). Let c = a - 1. What is the units digit of 8 - (c + 6/(-3))?
9
Let o(u) be the second derivative of -7*u**3/6 + u**2/2 - u. Let x be o(-3). Let d = -16 + x. What is the units digit of d?
6
Let k = 50 - 25. What is the tens digit of k?
2
Let o(z) = z**3 - 6*z**2 + 7*z - 5. Let a be o(4). Let l be a/(-4) - 4/16. Suppose -3*g + 16 = l*j, 0*g = 4*j - g - 18. What is the units digit of j?
5
Suppose -f + 9 = -5*k, f = -1 - 0. Let n be k*(0 + 1 + -2). Suppose n*c - c - 9 = 0. What is the units digit of c?
9
Let d be 4/(-1)*2 - -2. What is the units digit of (3/d)/(2/(-64))?
6
Let p(b) = 2*b + 11. What is the units digit of p(9)?
9
Let b(x) = x**2 + 7*x - 3. Let v be b(-5). Let k = 43 + v. What is the units digit of k?
0
Let c(f) = 15*f. Let r be c(2). Let x be 12/(-10)*r/(-9). What is the units digit of x + (3 - -3) + -3?
7
Let l be -6 + 3 + (-2 - -5). Suppose -74 = 2*c - 5*c - x, -3*x - 3 = l. Suppose b + y - 7 = 0, 0 = -3*b + y - 0*y + c. What is the units digit of b?
8
Let a = -64 + 5. Let h = -10 - a. What is the tens digit of h?
4
Suppose 4*g - g - 21 = 0. Let s = -9 + g. What is the tens digit of (26/(-4))/(s/4)?
1
Let h(l) = l**3 - 5*l**2 - 5*l + 9. Suppose -3*v + 4*f + 10 = 0, 0*v - 3*v - f = -20. What is the units digit of h(v)?
5
Let b(q) = q**3 - 11*q**2 - 10*q - 16. What is the units digit of b(12)?
8
Let u = 1 + 2. What is the units digit of -1 + u + (1 - 2)?
1
Suppose -a - a = -5*z + 193, z - 3*a = 49. Let s(m) = -m + 13. Let r be s(8). Suppose -4*d + z = -r*g, -2*d - 3*d - g = -10. What is the units digit of d?
3
Suppose -2 = o - 0*o - 4*m, 3*m = 6. Suppose -5*x - o = 2*q + 9, 4*q = -4*x. What is the units digit of q?
5
Let h(a) = a - 5. Let j be h(9). Let c be j/14 - 76/(-28). Suppose 4*b = 2*r + 64, c*b - 7 = 4*r + 31. What is the tens digit of b?
1
Suppose 2*v + v = 12. Suppose 21 = v*k + w, 2*k - 6*w - 6 = -2*w. Suppose 2*b - k - 9 = 0. What is the units digit of b?
7
Let q be 3/((-29)/16 - -2). Let n be 3/2*q/24. Suppose 0 = 3*i + n - 7. What is the units digit of i?
2
Suppose -r = r + n - 12, -4*n = r + 8. What is the units digit of (-61)/(-7) + r/28?
9
Suppose 2*m = 3*m + 5*h - 5, 2*h = -2*m + 10. Suppose -5*s + 0*s + 160 = m*i, 2*i = 4*s - 146. What is the units digit of s?
5
Let r be (-162)/(-30) - 2/5. Suppose r*l + 3 = 38. What is the units digit of l?
7
Let n(o) = 4*o**2 - 3*o**2 - 18*o + 1 + 5. What is the tens digit of n(19)?
2
Let b(h) = 9*h**2 + 3. What is the units digit of b(4)?
7
Suppose 0 = -p + 4. Let i = -11 + 18. Let b = i - p. What is the units digit of b?
3
What is the units digit of 8/14*14224/32?
4
Let p(d) = -d**2 + 16*d - 13. What is the units digit of p(12)?
5
Let i(p) = -2*p + 2. Let o(u) = u**3 + 3*u**2 - 6*u - 2. Let d be o(-4). Let h be i(d). What is the units digit of (-8)/h*70/4?
4
Let d be 6/18 - (-28)/6. Suppose -d*j = -96 - 54. What is the tens digit of j?
3
Suppose -f - f + 122 = 4*i, -2*f + i = -117. What is the units digit of f?
9
Let j = -11 + 11. Suppose -3*x - 21 = -3*r, j*r - 56 = -3*r - 4*x. What is the units digit of r?
2
Let x = 36 - 35. What is the units digit of x?
1
What is the units digit of (-11536)/(-48) + (-2)/(-3)?
1
Let c = -3 + 6. Suppose -4*a - c*k + 108 = 0, 2*k + 3*k + 100 = 5*a. What is the units digit of a?
4
What is the tens digit of (-12)/(-24) - 358/(-4)?
9
Let b(g) = -3*g + 2*g + 0*g + 5*g. What is the units digit of b(4)?
6
Suppose -3*z + 1 + 2 = 0. What is the units digit of 1 + z + -1 - -15?
6
Suppose 0*i = -3*i + 12. Let p = i - -7. What is the tens digit of p?
1
Let l be 2/(-7) - (-16)/7. Let f(v) = v**3 + 7*v**2 - 8*v. Let b be f(-8). Suppose b = p - l*p + 16. What is the tens digit of p?
1
Let f(l) be the third derivative of l**4/6 - 2*l**2. Let b be f(-1). What is the units digit of b/(3/(-1) + 1)?
2
Let b(j) = 4*j**3 - 2 - 3*j**3 - 11*j**2 + j + 3*j**2. Let y be b(8). What is the units digit of 1*(0/1 + y)?
6
Suppose -3*i = -g + 3*g + 24, 4*i - 38 = 2*g. Let k = -9 - g. What is the tens digit of (8/k)/(4/30)?
1
Let h(t) = -t**3 + 11*t**2 + 2*t - 10. What is the hundreds digit of h(10)?
1
Let n(r) = -2*r**3 - 5*r**2 + 2*r - 6. What is the tens digit of n(-5)?
0
Suppose 4*g + 0*g - 5*l - 76 = 0, l + 92 = 4*g. Suppose 20 + g = 3*k + 4*a, -5*a - 120 = -5*k. What is the units digit of k?
0
Suppose 5 = 5*u - 4*u. Suppose -u*z - 10 = -v + 3*v, 4*v - 4*z - 8 = 0. Suppose -4*x + 2 = -2*d - v*x, -2*x = -4. What is the units digit of d?
3
Let i = -438 - -213. What is the units digit of 1 + -4 + i/(-9)?
2
Let c(i) = 94*i**2 + 4*i + 2. What is the tens digit of c(-1)?
9
What is the units digit of (-151)/(-9) + (-20)/(-90)?
7
Let y = -57 - -97. What is the units digit of y?
0
Let i be 68/12 - (-2)/(-3). Suppose 0*d + i*b + 44 = -3*d, 2*d + 4*b + 32 = 0. Let q = 14 + d. What is the units digit of q?
6
Suppose -3*a - 58 = -178. Suppose 2*b + a = 2*i, 2*b + 0*b = -3*i + 55. What is the units digit of i?
9
Let p(y) = y**3 + 5*y**2 - 9*y - 11. What is the units digit of p(-5)?
4
Suppose 10 = 8*t - 3*t. Suppose -t*k + 4*g + 14 = 0, 5 = g + 1. What is the units digit of k?
5
Let o = 609 - 348. What is the hundreds digit of o?
2
Let q(f) = -2 - f**2 + f**3 + f**2 + 4*f + 6*f**2. Let r be q(-5). Suppose 3*p - 5 = -o, 38 + 1 = 3*o - r*p. What is the units digit of o?
1
Let n(x) = -2*x**3 - x**2 - x + 2. Let r be n(-2). Let i = -4 + r. What is the units digit of i?
2
Let a be 15/2*2/3. Let f be a*((-16)/5)/(-2). What is the units digit of (-55)/(-3) - f/24?
8
Let h = -13 + 29. What is the units digit of h?
6
Suppose -4*x = -0*x + 4. What is the units digit of x - (-66 + 0)/3?
1
Let x(s) = -s**3 + 8*s**2 + 23*s + 6.